 + 1595/25. Suppose -140 = 4*m + m - 4*y, 20 = -4*y. Let v = m + n. What is the tens digit of v?
3
Let n be 1*2 + (-5313)/(-11) + -12. Let d = n + -246. What is the tens digit of d?
2
Let v = -342 + 346. Suppose -v*f + 3540 = 4*o, -5*o + 8*o = -2*f + 2651. What is the units digit of o?
1
Let u be (-2)/9 - 532/(-126). Suppose u = b - 2*i, 4 = -3*b - 4*i - 4. Suppose b*o - 290 = -5*o. What is the units digit of o?
8
Let x = 30299 + -43545. What is the hundreds digit of (4/(-12))/(x/2649 + 5)?
8
Let m be (2*(-5 - -2))/(2/(-431)). Suppose -4*l - 12 = 0, 0 = -3*y - 2*l - 2*l + m. What is the units digit of y?
5
Let c = -5490 - -12391. What is the units digit of c?
1
Let h be -1*(3/(-3) - -2). Let u(z) = -4*z. Let n be u(h). Suppose 2*a - 249 = n*d - 49, -2*d = a - 108. What is the hundreds digit of a?
1
Let g(r) be the second derivative of -3*r + 2*r**2 + 7/6*r**3 + 0 + 1/2*r**4. What is the tens digit of g(-4)?
7
Suppose 2*a - 161 = 3*j, j + 49 + 10 = 2*a. What is the units digit of (j*56/96)/((-1)/8)?
8
Suppose 2*j = j - 7. Let a = j + 12. Suppose 330 = -v + 6*v + a*l, -324 = -5*v - 3*l. What is the tens digit of v?
6
Let l be 1059 - -6 - (-5 - -6). What is the hundreds digit of (14/4)/((35/5)/l)?
5
Let x be ((-27)/(-3))/(111/25937). Suppose 0 = 2*h - 4*p + 527 - 4683, h + 3*p - x = 0. What is the tens digit of h?
8
Suppose -2*g + 12160 = 2*q, 1541*g = 1538*g - 2*q + 18244. What is the thousands digit of g?
6
Let s be (-2)/5 + (918/(-15))/(-18). Suppose -k = -5*a - 425, -9*k = -12*k + s*a + 1299. What is the tens digit of k?
3
Let t(s) = -798*s + 260. What is the hundreds digit of t(-7)?
8
Let j = -223 - -386. Let g = j - 254. Let a = g + 234. What is the tens digit of a?
4
Let r(y) = -41*y - 202. Let l be r(-5). Suppose -q - 2404 = -2*d - l*q, -2*q + 6004 = 5*d. What is the tens digit of d?
0
Let k = -4386 + 6641. What is the hundreds digit of k?
2
Suppose 55 - 583 = -12*a. Suppose -a = -5*n + 7*n. Let i(w) = w**2 + 15*w - 41. What is the hundreds digit of i(n)?
1
Suppose z + 7 = 2*z - y, z - 5*y - 27 = 0. Suppose 0 = 4*f - 5*g - 102, z*f + 4*g - 15 - 23 = 0. Let h = 97 - f. What is the tens digit of h?
7
Suppose 20*c - 25*c = -25. Let n be (c/20*0)/(1 + 0). Suppose n = -5*b + 209 + 1. What is the tens digit of b?
4
Suppose -533269 - 1914021 = -254*d. What is the thousands digit of d?
9
Suppose 1830151 = 65*h - 119589. What is the units digit of h?
6
Suppose 5*t - 785 = -5*a, -3*t - 7*a + 2*a + 461 = 0. Let y = t + -27. What is the tens digit of y?
3
What is the thousands digit of (-2)/(-12) + (-32233042)/(-1884)?
7
Suppose -16*v + 11*v = -25. What is the units digit of (-432)/(-5) + (-22)/v + 4?
6
Let w(s) = -212*s - 4. Let m be w(1). What is the thousands digit of ((-4)/3)/1 + (-234648)/m?
1
Let y = 7754 - -11395. What is the hundreds digit of y?
1
Let t = 29140 - 13975. What is the thousands digit of t?
5
Let t(w) be the third derivative of 1/60*w**5 + 0*w + 0 - 7/24*w**4 + 11/2*w**3 - 10*w**2. What is the units digit of t(11)?
7
Let s be 4*(-7)/112 - 1263/(-12). Suppose 113*i = s*i + 7144. What is the tens digit of i?
9
Let p(x) = -9*x - 8. Let w = 30 - 8. Suppose 2*u + 3*v = -0*u, u - 4*v = -w. What is the tens digit of p(u)?
4
Suppose 8*c = 11*c - 4137 - 12840. What is the hundreds digit of c?
6
Let s(b) = -201*b - 3. Let f be s(-19). Suppose -1588 - f = -28*y. What is the hundreds digit of y?
1
Suppose 5*c = -4*h + 234479, 2*h - 155767 + 38532 = -c. What is the thousands digit of h?
8
Let t be (390/75)/(1*(-1)/(-30)). Let d = t - 94. What is the tens digit of d?
6
What is the hundreds digit of ((-121844)/(-2569))/((-4)/(-210))?
4
Let m(j) = 145*j**3 + j**2 + 9*j - 16. Let r(d) = 73*d**3 + 5*d - 8. Let t(u) = -2*m(u) + 5*r(u). What is the units digit of t(2)?
8
Let c be (-5258 - -9)*1/2*-2. Suppose 4*m = -3*f + 3141, -5*f = 12*m - 10*m - c. What is the tens digit of f?
5
Suppose -1881693 = -174*s + 858981. What is the hundreds digit of s?
7
Suppose 36*y - 31*y - 5*s - 88670 = 0, -3*y + s + 53208 = 0. What is the tens digit of y?
3
Let y(u) = -16*u + 33. Let k be y(6). Let b = 68 + k. Suppose 2*m = 3*o - 6*o + 173, -439 = -b*m - o. What is the tens digit of m?
8
Let g = -41 + 51. Suppose 0 = -4*s + 16, 5*z - 6405 = -g*s + 5*s. What is the tens digit of z?
7
Let j(n) = -12*n - 7. Let b(y) = y**2 + 23*y + 63. Let d be b(-19). Let p(q) = -q**3 - 13*q**2 - q - 22. Let v be p(d). What is the tens digit of j(v)?
0
Let i(w) = w**2 + w - 9. Let y be i(-6). Suppose -3*q + 0*q + y = 0. What is the tens digit of (-42)/(-18)*q*9?
4
Let w(i) = -9*i**3 - 3*i**2 - 9*i + 17578. What is the units digit of w(0)?
8
Suppose 11*v + 225 = 14*v. Let d be ((-50)/v)/(2/(-18)). Suppose 1223 = d*m - 7. What is the tens digit of m?
0
Suppose 11*q - 75 - 200 = 0. Let s = q - -29. Suppose -2*i + 360 = s. What is the units digit of i?
3
Suppose -11184 = 22*u - 37430. What is the units digit of u?
3
Let k = -17065 + 32259. What is the ten thousands digit of k?
1
Let r = -79 - -341. Let d = 28 + r. What is the hundreds digit of d?
2
Let d(m) = 3800*m**2 + 513*m - 1021. What is the tens digit of d(2)?
0
Let h be 3 - ((-1 - -9) + -2). Let x(g) = -17*g**3 - 2*g**2 - 3*g - 8. Let l be x(h). Suppose 2*v = 4*v - l. What is the tens digit of v?
2
Suppose d + 5*d + 1770 = 0. Let m = d + 138. Let u = m - -346. What is the hundreds digit of u?
1
Let x(t) be the second derivative of -1/3*t**3 + 0 - 8*t + 9*t**2. What is the units digit of x(-13)?
4
Let o(k) = 10*k - 284. Let i be o(28). What is the hundreds digit of (-16700)/(-30)*(i/5 + 2)?
6
Let o be 61617/(-6) + (-3)/(-2). What is the units digit of (11 - 6)/10 - o/8?
4
Let j be (-23600)/(-60) - (-5)/3. Let m = 31 + j. What is the hundreds digit of m?
4
Let n(q) = q**3 - 11*q**2 + 9*q + 12. Let f be n(10). What is the tens digit of ((-4)/4*642 + f)*-2?
8
Let n be (-22)/(-121) - (-20)/11. Suppose 55 + 62 = -3*t. What is the tens digit of 42/(-9)*t/n?
9
Let b(k) = 3*k**2 + 8*k + 40. Let i(n) = -5*n + 111. Let w be i(23). What is the tens digit of b(w)?
5
Suppose 0 = 4*g + 5*o - 58383, 0 = -883*g + 888*g - o - 73015. What is the hundreds digit of g?
6
Suppose 0 = -2*u + j - 99, -33 = -4*j - 37. What is the hundreds digit of ((-584)/(-14))/(u/(-175))?
1
Let v(i) = -122*i**3 + i**2 - 3*i + 1. Let k be v(2). Let u = 1621 + k. What is the tens digit of u?
4
Let b be ((-225)/(-45))/((-1)/(-7069)). Suppose -40*w + 2855 = -b. What is the units digit of w?
5
Suppose -24*w + 30810 = -113506 + 39748. What is the hundreds digit of w?
3
Let z(u) = 4*u**3 - 50*u**2 + 520*u + 69. What is the tens digit of z(24)?
4
Suppose 0 = 2*k + 5*k. Suppose k = y - 3*u - u + 18, -y + 3*u = 14. What is the units digit of (3 - y) + 6 + -6?
5
Suppose 4*o = 4*x - 72, -2*o - 2*x + 7 - 43 = 0. What is the tens digit of (-444)/(-27)*o/(-4)?
7
Suppose 38*p + 24151 + 15977 = 0. Let o = p + 1662. What is the tens digit of o?
0
Let t(o) = 502*o - 9177. What is the ten thousands digit of t(62)?
2
Let q = 7334 - -1034. What is the tens digit of q?
6
Suppose 79*o - 63*o + 4320 = 0. Let x = o - -491. What is the tens digit of x?
2
Suppose 4*w + 4*o = 2*w + 44, 29 = 2*w - o. What is the hundreds digit of w/40*(-7440)/(-6)?
4
Let m(v) = 20*v**3 - v - 1. Let r be m(-1). Let w = r + 25. Suppose -3*y - w*g = 2*y - 715, -3*g = -5*y + 715. What is the tens digit of y?
4
Let i(c) = 166*c**2 + 9*c + 8. What is the tens digit of i(-2)?
5
Suppose -3*v - 4*n + 10331 = 0, 2*v - 4*n - 1112 - 5762 = 0. What is the units digit of v?
1
Let j(x) = -x**3 + 6*x**2 + 6*x - 9. Let y be (2 - 1)*(2 + 7) - 3. Let k be j(y). What is the tens digit of -3 + (-1 - (2 + -7)) + k?
2
Suppose -67 = -4*d + 21. Suppose 2 = -s + 2*s, -h + 2*s = -d. Suppose -h*c + 29*c - 201 = 0. What is the units digit of c?
7
Suppose 2*c - 2*o + 716 = 3*c, 0 = 3*c - 2*o - 2188. Suppose 0 = 19*t - 21*t + c. What is the tens digit of t?
6
Suppose -25*f = 23*f + 20*f - 3215992. What is the hundreds digit of f?
2
Let j(m) be the third derivative of m**5/60 - 13*m**4/24 + 7*m**3/6 + 121*m**2. What is the hundreds digit of j(-9)?
2
Suppose 0 = 29*h + 8305 + 24610. What is the tens digit of 0 - h - (-13 - -10)?
3
Let d(b) = -101*b**3 - 3*b**2 + 4. Suppose -5*n + 17*g - 13 = 18*g, 0 = 4*n - 3*g - 1. What is the tens digit of d(n